{"id":71,"date":"2021-01-18T08:50:31","date_gmt":"2021-01-18T08:50:31","guid":{"rendered":"http:\/\/amicc.az\/?page_id=71"},"modified":"2021-01-18T10:57:32","modified_gmt":"2021-01-18T10:57:32","slug":"amicc-in-tarixi","status":"publish","type":"page","link":"https:\/\/amicc.az\/?page_id=71","title":{"rendered":"AM\u0130CC-in tarixi"},"content":{"rendered":"\n<p>     Az\u0259rbaycan Minimal \u0130nvaziv C\u0259rrahlar C\u0259miyy\u0259ti yarand\u0131\u011f\u0131 g\u00fcnd\u0259n yarad\u0131c\u0131 potensiala malik kreativ ideyal\u0131 g\u0259nc m\u00fct\u0259x\u0259ssisl\u0259rl\u0259 i\u015fl\u0259m\u0259y\u0259 \u00fcst\u00fcnl\u00fck vermi\u015f, onlar\u0131n faydal\u0131 ideyalar\u0131n\u0131 h\u0259r zaman y\u00fcks\u0259k qiym\u0259tl\u0259ndir\u0259r\u0259k d\u0259st\u0259kl\u0259m\u0131\u015fdir.<\/p>\n\n\n\n<p>     2010-cu ild\u0259n Az\u0259rbaycan C\u0259rrahlar klubu kimi f\u0259aliyy\u0259tin\u0259 ba\u015flam\u0131\u015f, Az\u0259rbaycan C\u0259rrahlar klubu kimi h\u0259r ay\u0131n son c\u00fcm\u0259 g\u00fcn\u00fc olmaqla 20-d\u0259n art\u0131q toplant\u0131 ke\u00e7irilmi\u015fdir.<\/p>\n\n\n\n<p>     2013-c\u00fc ild\u0259n t\u0259sis olunmas\u0131 haqda q\u0259rar q\u0259bul olunmu\u015fdur. \u0130lk \u00f6nc\u0259 Az\u0259rbaycan Minimal \u0130nvaziv v\u0259 Endoskopik C\u0259rrahlar C\u0259miyy\u0259ti kimi t\u0259sis olunmas\u0131 q\u0259rar\u0131 verilmi\u015fdir. 2019-cu ild\u0259 is\u0259 Az\u0259rbaycan Respublikas\u0131 \u018fdliyy\u0259 Nazirliyind\u0259n Az\u0259rbaycan Minimal \u0130nvaziv C\u0259rrahlar C\u0259miyy\u0259ti ad\u0131 il\u0259 r\u0259smi qeydiyyata al\u0131nm\u0131\u015fd\u0131r.<\/p>\n\n\n\n<div class=\"wp-block-image\"><figure class=\"aligncenter size-large is-resized\"><img loading=\"lazy\" decoding=\"async\" src=\"http:\/\/amicc.az\/wp-content\/uploads\/2021\/01\/Ssss-1024x720.jpg\" alt=\"\" class=\"wp-image-92\" width=\"323\" height=\"226\" srcset=\"https:\/\/amicc.az\/wp-content\/uploads\/2021\/01\/Ssss-1024x720.jpg 1024w, https:\/\/amicc.az\/wp-content\/uploads\/2021\/01\/Ssss-235x164.jpg 235w\" sizes=\"(max-width: 323px) 100vw, 323px\" \/><\/figure><\/div>\n\n\n\n<p><\/p>\n","protected":false},"excerpt":{"rendered":"<p>Az\u0259rbaycan Minimal \u0130nvaziv C\u0259rrahlar C\u0259miyy\u0259ti yarand\u0131\u011f\u0131 g\u00fcnd\u0259n yarad\u0131c\u0131 potensiala malik kreativ ideyal\u0131 g\u0259nc m\u00fct\u0259x\u0259ssisl\u0259rl\u0259 i\u015fl\u0259m\u0259y\u0259 \u00fcst\u00fcnl\u00fck vermi\u015f, onlar\u0131n faydal\u0131 ideyalar\u0131n\u0131 h\u0259r zaman y\u00fcks\u0259k qiym\u0259tl\u0259ndir\u0259r\u0259k d\u0259st\u0259kl\u0259m\u0131\u015fdir. 2010-cu ild\u0259n Az\u0259rbaycan C\u0259rrahlar klubu kimi f\u0259aliyy\u0259tin\u0259 ba\u015flam\u0131\u015f, Az\u0259rbaycan C\u0259rrahlar klubu kimi h\u0259r ay\u0131n son c\u00fcm\u0259 g\u00fcn\u00fc olmaqla 20-d\u0259n art\u0131q toplant\u0131 ke\u00e7irilmi\u015fdir. 2013-c\u00fc ild\u0259n t\u0259sis olunmas\u0131 haqda q\u0259rar q\u0259bul olunmu\u015fdur. [&hellip;]<\/p>\n","protected":false},"author":2,"featured_media":0,"parent":0,"menu_order":0,"comment_status":"closed","ping_status":"closed","template":"","meta":{"ngg_post_thumbnail":0,"footnotes":""},"_links":{"self":[{"href":"https:\/\/amicc.az\/index.php?rest_route=\/wp\/v2\/pages\/71"}],"collection":[{"href":"https:\/\/amicc.az\/index.php?rest_route=\/wp\/v2\/pages"}],"about":[{"href":"https:\/\/amicc.az\/index.php?rest_route=\/wp\/v2\/types\/page"}],"author":[{"embeddable":true,"href":"https:\/\/amicc.az\/index.php?rest_route=\/wp\/v2\/users\/2"}],"replies":[{"embeddable":true,"href":"https:\/\/amicc.az\/index.php?rest_route=%2Fwp%2Fv2%2Fcomments&post=71"}],"version-history":[{"count":3,"href":"https:\/\/amicc.az\/index.php?rest_route=\/wp\/v2\/pages\/71\/revisions"}],"predecessor-version":[{"id":93,"href":"https:\/\/amicc.az\/index.php?rest_route=\/wp\/v2\/pages\/71\/revisions\/93"}],"wp:attachment":[{"href":"https:\/\/amicc.az\/index.php?rest_route=%2Fwp%2Fv2%2Fmedia&parent=71"}],"curies":[{"name":"wp","href":"https:\/\/api.w.org\/{rel}","templated":true}]}}