{"id":4515,"date":"2026-01-26T15:08:22","date_gmt":"2026-01-26T15:08:22","guid":{"rendered":"https:\/\/amicc.az\/?page_id=4515"},"modified":"2026-02-02T13:57:24","modified_gmt":"2026-02-02T13:57:24","slug":"11-ci-regional-konfrans-qusar-az%c9%99rbaycan","status":"publish","type":"page","link":"https:\/\/amicc.az\/?page_id=4515","title":{"rendered":"11-ci Regional Konfrans (Qusar, Az\u0259rbaycan)"},"content":{"rendered":"\r\n<p><img loading=\"lazy\" decoding=\"async\" class=\"aligncenter wp-image-4511 size-full\" src=\"http:\/\/amicc.az\/wp-content\/uploads\/2026\/01\/Qusar-Flayer.png\" alt=\"\" width=\"1820\" height=\"1285\" srcset=\"https:\/\/amicc.az\/wp-content\/uploads\/2026\/01\/Qusar-Flayer.png 1820w, https:\/\/amicc.az\/wp-content\/uploads\/2026\/01\/Qusar-Flayer-272x192.png 272w, https:\/\/amicc.az\/wp-content\/uploads\/2026\/01\/Qusar-Flayer-1020x720.png 1020w, https:\/\/amicc.az\/wp-content\/uploads\/2026\/01\/Qusar-Flayer-232x164.png 232w, https:\/\/amicc.az\/wp-content\/uploads\/2026\/01\/Qusar-Flayer-768x542.png 768w, https:\/\/amicc.az\/wp-content\/uploads\/2026\/01\/Qusar-Flayer-1536x1084.png 1536w, https:\/\/amicc.az\/wp-content\/uploads\/2026\/01\/Qusar-Flayer-1080x763.png 1080w\" sizes=\"(max-width: 1820px) 100vw, 1820px\" \/><\/p>\r\n<ul>\r\n<li><span style=\"text-decoration: underline;\"><strong><a href=\"https:\/\/docs.google.com\/forms\/d\/e\/1FAIpQLSew7AFO23JNKZaVQC2318o_eXZIV0fGgFFzuZOvjRgQx9X7cg\/viewform?usp=preview\">Konfrasa Qeydiyyat &#8211; Link<\/a><\/strong><\/span><\/li>\r\n<li><span style=\"text-decoration: underline;\"><strong><a href=\"https:\/\/drive.google.com\/file\/d\/1x21ggBywbriQRxTHWRezfo39UFAKTrN8\/view?usp=sharing\">Konfrans\u0131n Proqram\u0131 &#8211; PDF<\/a><\/strong><\/span><\/li>\r\n<li><span style=\"text-decoration: underline;\"><strong><a href=\"https:\/\/drive.google.com\/file\/d\/1PqUP_yVd3y4eX2RUd71KRjpcOORQriXB\/view?usp=sharing\">\u00d6d\u0259ni\u015f C\u0259dv\u0259li &#8211; PDF<\/a><\/strong><strong><\/strong><\/span><\/li>\r\n<li><span style=\"text-decoration: underline;\"><strong><a href=\"https:\/\/drive.google.com\/file\/d\/1v73TJo7OV3kUIxz6ttW0iaTeWKQrMNhB\/view?usp=sharing\">Konfrans Flayer &#8211; PDF<\/a><\/strong><\/span><\/li>\r\n<li><span style=\"text-decoration: underline;\"><strong><a href=\"https:\/\/drive.google.com\/file\/d\/1RsIoDbozQqx_bSEXird682qorIp_wVkv\/view\">ET\u015e-in r\u0259y formas\u0131 (DTT bal\u0131) &#8211; PDF<\/a><\/strong><\/span><\/li>\r\n<\/ul>\r\n<p>21\u201322 fevral 2026-c\u0131 il tarixl\u0259rind\u0259 <strong>Qusar Rayon M\u0259rk\u0259zi X\u0259st\u0259xanas\u0131nda<\/strong> Az\u0259rbaycan Minimal \u0130nvaziv C\u0259rrahlar C\u0259miyy\u0259tinin (AM\u0130CC) t\u0259\u015fkilat\u00e7\u0131l\u0131\u011f\u0131 il\u0259 <strong>elmi-praktik konfrans<\/strong> ke\u00e7iril\u0259c\u0259kdir.<\/p>\r\n<p>T\u0259dbir \u00e7\u0259r\u00e7iv\u0259sind\u0259 plenar iclaslar, panel m\u00fczakir\u0259l\u0259r v\u0259 praktiki t\u0259liml\u0259r t\u0259\u015fkil olunacaq, m\u00fcasir c\u0259rrahiyy\u0259nin aktual m\u00f6vzular\u0131 \u00fczr\u0259 yerli v\u0259 xarici m\u00fct\u0259x\u0259ssisl\u0259rin m\u0259ruz\u0259l\u0259ri dinl\u0259nil\u0259c\u0259kdir.<\/p>\r\n<p>T\u0259dbirin sonunda <strong>k\u0259skin pankreatitin m\u00fcalic\u0259si \u00fczr\u0259 AM\u0130CC t\u0259r\u0259find\u0259n haz\u0131rlanm\u0131\u015f klinik protokol<\/strong> t\u0259qdim edil\u0259c\u0259k v\u0259 geni\u015f m\u00fczakir\u0259 olunacaqd\u0131r.<\/p>\r\n<p>Konfrans <strong>S\u0259hiyy\u0259 Nazirliyi t\u0259r\u0259find\u0259n r\u0259smi \u015f\u0259kild\u0259 akkreditasiya olunmu\u015fdur<\/strong> v\u0259 i\u015ftirak\u00e7\u0131lara <strong>14 Davaml\u0131 Tibbi T\u0259hsil (DTT) bal\u0131<\/strong> t\u0259qdim edil\u0259c\u0259kdir.<\/p>\r\n<p>T\u0259dbird\u0259 i\u015ftirak etm\u0259k m\u00fcvafiq ixtisaslar \u00fczr\u0259 h\u0259kiml\u0259r \u00fc\u00e7\u00fcn t\u00f6vsiy\u0259 olunur.<\/p>\r\n<p><strong>\u018flaq\u0259:<\/strong> +994 99 310 32 05<br \/><strong>Veb-sayt:<\/strong> <a href=\"http:\/\/www.amicc.az\">www.amicc.az<\/a><\/p>\r\n<!-- \/wp:html -->\r\n\r\n<!-- wp:shortcode --><!-- \/wp:shortcode -->\r\n<div id=\"gtx-trans\" style=\"position: absolute; left: 1145px; top: 128px;\">\r\n<div class=\"gtx-trans-icon\">\u00a0<\/div>\r\n<\/div>","protected":false},"excerpt":{"rendered":"<p>Konfrasa Qeydiyyat &#8211; Link Konfrans\u0131n Proqram\u0131 &#8211; PDF \u00d6d\u0259ni\u015f C\u0259dv\u0259li &#8211; PDF Konfrans Flayer &#8211; PDF ET\u015e-in r\u0259y formas\u0131 (DTT bal\u0131) &#8211; PDF 21\u201322 fevral 2026-c\u0131 il tarixl\u0259rind\u0259 Qusar Rayon M\u0259rk\u0259zi X\u0259st\u0259xanas\u0131nda Az\u0259rbaycan Minimal \u0130nvaziv C\u0259rrahlar C\u0259miyy\u0259tinin (AM\u0130CC) t\u0259\u015fkilat\u00e7\u0131l\u0131\u011f\u0131 il\u0259 elmi-praktik konfrans ke\u00e7iril\u0259c\u0259kdir. T\u0259dbir \u00e7\u0259r\u00e7iv\u0259sind\u0259 plenar iclaslar, panel m\u00fczakir\u0259l\u0259r v\u0259 praktiki t\u0259liml\u0259r t\u0259\u015fkil olunacaq, m\u00fcasir [&hellip;]<\/p>\n","protected":false},"author":2,"featured_media":0,"parent":136,"menu_order":0,"comment_status":"closed","ping_status":"closed","template":"","meta":{"ngg_post_thumbnail":0,"footnotes":""},"_links":{"self":[{"href":"https:\/\/amicc.az\/index.php?rest_route=\/wp\/v2\/pages\/4515"}],"collection":[{"href":"https:\/\/amicc.az\/index.php?rest_route=\/wp\/v2\/pages"}],"about":[{"href":"https:\/\/amicc.az\/index.php?rest_route=\/wp\/v2\/types\/page"}],"author":[{"embeddable":true,"href":"https:\/\/amicc.az\/index.php?rest_route=\/wp\/v2\/users\/2"}],"replies":[{"embeddable":true,"href":"https:\/\/amicc.az\/index.php?rest_route=%2Fwp%2Fv2%2Fcomments&post=4515"}],"version-history":[{"count":6,"href":"https:\/\/amicc.az\/index.php?rest_route=\/wp\/v2\/pages\/4515\/revisions"}],"predecessor-version":[{"id":4546,"href":"https:\/\/amicc.az\/index.php?rest_route=\/wp\/v2\/pages\/4515\/revisions\/4546"}],"up":[{"embeddable":true,"href":"https:\/\/amicc.az\/index.php?rest_route=\/wp\/v2\/pages\/136"}],"wp:attachment":[{"href":"https:\/\/amicc.az\/index.php?rest_route=%2Fwp%2Fv2%2Fmedia&parent=4515"}],"curies":[{"name":"wp","href":"https:\/\/api.w.org\/{rel}","templated":true}]}}

11-ci Regional Konfrans (Qusar, Azərbaycan)

<p><img loading="lazy" decoding="async" class="aligncenter wp-image-4511 size-full" src="http://amicc.az/wp-content/uploads/2026/01/Qusar-Flayer.png" alt="" width="1820" height="1285" srcset="https://amicc.az/wp-content/uploads/2026/01/Qusar-Flayer.png 1820w, https://amicc.az/wp-content/uploads/2026/01/Qusar-Flayer-272x192.png 272w, https://amicc.az/wp-content/uploads/2026/01/Qusar-Flayer-1020x720.png 1020w, https://amicc.az/wp-content/uploads/2026/01/Qusar-Flayer-232x164.png 232w, https://amicc.az/wp-content/uploads/2026/01/Qusar-Flayer-768x542.png 768w, https://amicc.az/wp-content/uploads/2026/01/Qusar-Flayer-1536x1084.png 1536w, https://amicc.az/wp-content/uploads/2026/01/Qusar-Flayer-1080x763.png 1080w" sizes="(max-width: 1820px) 100vw, 1820px" /></p>
<ul>
<li><span style="text-decoration: underline;"><strong><a href="https://docs.google.com/forms/d/e/1FAIpQLSew7AFO23JNKZaVQC2318o_eXZIV0fGgFFzuZOvjRgQx9X7cg/viewform?usp=preview">Konfrasa Qeydiyyat &#8211; Link</a></strong></span></li>
<li><span style="text-decoration: underline;"><strong><a href="https://drive.google.com/file/d/1x21ggBywbriQRxTHWRezfo39UFAKTrN8/view?usp=sharing">Konfransın Proqramı &#8211; PDF</a></strong></span></li>
<li><span style="text-decoration: underline;"><strong><a href="https://drive.google.com/file/d/1PqUP_yVd3y4eX2RUd71KRjpcOORQriXB/view?usp=sharing">Ödəniş Cədvəli &#8211; PDF</a></strong><strong></strong></span></li>
<li><span style="text-decoration: underline;"><strong><a href="https://drive.google.com/file/d/1v73TJo7OV3kUIxz6ttW0iaTeWKQrMNhB/view?usp=sharing">Konfrans Flayer &#8211; PDF</a></strong></span></li>
<li><span style="text-decoration: underline;"><strong><a href="https://drive.google.com/file/d/1RsIoDbozQqx_bSEXird682qorIp_wVkv/view">ETŞ-in rəy forması (DTT balı) &#8211; PDF</a></strong></span></li>
</ul>
<p>21–22 fevral 2026-cı il tarixlərində <strong>Qusar Rayon Mərkəzi Xəstəxanasında</strong> Azərbaycan Minimal İnvaziv Cərrahlar Cəmiyyətinin (AMİCC) təşkilatçılığı ilə <strong>elmi-praktik konfrans</strong> keçiriləcəkdir.</p>
<p>Tədbir çərçivəsində plenar iclaslar, panel müzakirələr və praktiki təlimlər təşkil olunacaq, müasir cərrahiyyənin aktual mövzuları üzrə yerli və xarici mütəxəssislərin məruzələri dinləniləcəkdir.</p>
<p>Tədbirin sonunda <strong>kəskin pankreatitin müalicəsi üzrə AMİCC tərəfindən hazırlanmış klinik protokol</strong> təqdim ediləcək və geniş müzakirə olunacaqdır.</p>
<p>Konfrans <strong>Səhiyyə Nazirliyi tərəfindən rəsmi şəkildə akkreditasiya olunmuşdur</strong> və iştirakçılara <strong>14 Davamlı Tibbi Təhsil (DTT) balı</strong> təqdim ediləcəkdir.</p>
<p>Tədbirdə iştirak etmək müvafiq ixtisaslar üzrə həkimlər üçün tövsiyə olunur.</p>
<p><strong>Əlaqə:</strong> +994 99 310 32 05<br /><strong>Veb-sayt:</strong> <a href="http://www.amicc.az">www.amicc.az</a></p>
<!-- /wp:html -->

<!-- wp:shortcode --><!-- /wp:shortcode -->
<div id="gtx-trans" style="position: absolute; left: 1145px; top: 128px;">
<div class="gtx-trans-icon"> </div>
</div>

<p>Konfrasa Qeydiyyat &#8211; Link Konfransın Proqramı &#8211; PDF Ödəniş Cədvəli &#8211; PDF Konfrans Flayer &#8211; PDF ETŞ-in rəy forması (DTT balı) &#8211; PDF 21–22 fevral 2026-cı il tarixlərində Qusar Rayon Mərkəzi Xəstəxanasında Azərbaycan Minimal İnvaziv Cərrahlar Cəmiyyətinin (AMİCC) təşkilatçılığı ilə elmi-praktik konfrans keçiriləcəkdir. Tədbir çərçivəsində plenar iclaslar, panel müzakirələr və praktiki təlimlər təşkil olunacaq, müasir [&hellip;]</p>
