{"id":4203,"date":"2025-11-18T09:07:04","date_gmt":"2025-11-18T09:07:04","guid":{"rendered":"https:\/\/amicc.az\/?page_id=4203"},"modified":"2025-11-18T09:07:04","modified_gmt":"2025-11-18T09:07:04","slug":"10-cu-regional-konfrans-minimal-invaziv-c%c9%99rrahiyy%c9%99d%c9%99-agirlasmalar-v%c9%99-onlarin-profilaktikasi","status":"publish","type":"page","link":"https:\/\/amicc.az\/?page_id=4203","title":{"rendered":"10-cu Regional Konfrans &#8211; Minimal \u0130nvaziv c\u0259rrahiyy\u0259d\u0259 a\u011f\u0131rla\u015fmalar v\u0259 onlar\u0131n profilaktikas\u0131"},"content":{"rendered":"","protected":false},"excerpt":{"rendered":"","protected":false},"author":3,"featured_media":0,"parent":0,"menu_order":0,"comment_status":"closed","ping_status":"closed","template":"","meta":{"ngg_post_thumbnail":0,"footnotes":""},"_links":{"self":[{"href":"https:\/\/amicc.az\/index.php?rest_route=\/wp\/v2\/pages\/4203"}],"collection":[{"href":"https:\/\/amicc.az\/index.php?rest_route=\/wp\/v2\/pages"}],"about":[{"href":"https:\/\/amicc.az\/index.php?rest_route=\/wp\/v2\/types\/page"}],"author":[{"embeddable":true,"href":"https:\/\/amicc.az\/index.php?rest_route=\/wp\/v2\/users\/3"}],"replies":[{"embeddable":true,"href":"https:\/\/amicc.az\/index.php?rest_route=%2Fwp%2Fv2%2Fcomments&post=4203"}],"version-history":[{"count":1,"href":"https:\/\/amicc.az\/index.php?rest_route=\/wp\/v2\/pages\/4203\/revisions"}],"predecessor-version":[{"id":4206,"href":"https:\/\/amicc.az\/index.php?rest_route=\/wp\/v2\/pages\/4203\/revisions\/4206"}],"wp:attachment":[{"href":"https:\/\/amicc.az\/index.php?rest_route=%2Fwp%2Fv2%2Fmedia&parent=4203"}],"curies":[{"name":"wp","href":"https:\/\/api.w.org\/{rel}","templated":true}]}}