{"id":3996,"date":"2025-05-13T05:05:59","date_gmt":"2025-05-13T05:05:59","guid":{"rendered":"https:\/\/amicc.az\/?page_id=3996"},"modified":"2025-05-13T05:05:59","modified_gmt":"2025-05-13T05:05:59","slug":"umumi-m%c9%99lumat-3","status":"publish","type":"page","link":"https:\/\/amicc.az\/?page_id=3996","title":{"rendered":"\u00dcmumi M\u0259lumat"},"content":{"rendered":"<p><img decoding=\"async\" src=\"http:\/\/amicc.az\/wp-content\/uploads\/2025\/05\/flayer-ESAS-scaled.jpg\" \/><\/p>\n<a href='https:\/\/drive.google.com\/file\/d\/1TCfSDCf-0KPhwUGk1ADzw4wUei5fl1RQ\/view?usp=drive_link' class='small-button smallblue' target=\"_blank\">PROGRAM<\/a>\n<p>8-11. 05. 2025-ci il tarixl\u0259rind\u0259 Bak\u0131 v\u0259 \u015eamax\u0131 \u015f\u0259h\u0259rl\u0259rind\u0259 Az\u0259rbaycan Minimal invaziv C\u0259rrahlar C\u0259miyy\u0259ti, Az\u0259rbaycan-Almaniya Tibbi-\u018fm\u0259kda\u015fl\u0131q C\u0259miyy\u0259ti v\u0259 Almaz Akademi Tibbi-Treninq M\u0259rk\u0259zinin t\u0259\u015fkilat\u00e7\u0131l\u0131\u011f\u0131 il\u0259 Ulu \u00d6nd\u0259r Heyd\u0259r \u018fliyevin anadan olmas\u0131n\u0131n 102-ci il d\u00f6n\u00fcm\u00fcn\u0259 h\u0259sr olunmu\u015f t\u0259dbir ba\u015f tutmu\u015fdur.<br \/>\nT\u0259dbird\u0259 Az\u0259rbaycandan 400-\u0259 yax\u0131n, xarici \u00f6lk\u0259l\u0259rd\u0259n is\u0259 50 n\u0259f\u0259r i\u015ftirak\u00e7\u0131 i\u015ftirak etmi\u015fdir. T\u0259dbirin gedi\u015find\u0259 minimal laparoskopik v\u0259 endoskopik c\u0259rahiyy\u0259nin, ginekologiyan\u0131n, urologiyan\u0131n, diagnostik v\u0259 invaziv radiologiyan\u0131n, m\u00fcalic\u0259vi endoskopiyan\u0131n, tibb bac\u0131l\u0131\u011f\u0131 i\u015finin aktual m\u00f6vzular\u0131na h\u0259sr olunmu\u015f, 50-d\u0259n \u00e7ox m\u00fchazir\u0259 dinl\u0259nilmi\u015f, ona yax\u0131n t\u0259bab\u0259timizin aktual probleml\u0259rin\u0259 h\u0259sr olunmu\u015f panel m\u00fczakir\u0259l\u0259r t\u0259\u015fkil edilmi\u015fdir. El\u0259c\u0259 d\u0259 t\u0259dbirin gedi\u015find\u0259 20-\u0259 yax\u0131n x\u0259st\u0259 \u00fcz\u0259rind\u0259 \u0259n m\u00fcr\u0259kk\u0259b c\u0259rahi \u0259m\u0259liyyatlar icra edil\u0259r\u0259k, canl\u0131 yay\u0131mla i\u015ftirak\u00e7\u0131lar \u00fc\u00e7\u00fcn transliyasiya edilmi\u015f v\u0259 ekspertl\u0259rl\u0259 b\u0259rab\u0259r m\u00fczakir\u0259 edilmi\u015fdir.<br \/>\nBak\u0131da Badamdar Hotel-d\u0259 ke\u00e7iril\u0259n t\u0259dbirin ilk g\u00fcn\u00fcn\u00fcn a\u00e7\u0131l\u0131\u015f m\u0259rasimind\u0259 Az\u0259rbaycan Minimal \u0130nvaziv C\u0259rrahlar C\u0259miyy\u0259tinin t\u0259sis\u00e7isi v\u0259 Prezidenti Prof. M\u00fcsl\u00fcmov Qurbanxan v\u0259 Kongresin Prezidenti PhD Dr. Zaur X\u0259lilov t\u0259dbiri a\u00e7\u0131q elan ed\u0259r\u0259k, Kongresin qay\u0259si, ke\u00e7irilm\u0259 format\u0131 v\u0259 Kongres bar\u0259d\u0259 i\u015ftirak\u00e7\u0131lara \u0259tratl\u0131 m\u0259lumat vermi\u015fl\u0259r. T\u0259dbirin a\u00e7\u0131l\u0131\u015f\u0131nda Az\u0259rbaycan Respublikas\u0131 S\u0259hiyy\u0259 Nazirliyinin, T\u018fB\u0130B-in, \u0130cbari Tibbi S\u0131\u011forta agentliyinin v\u0259 Bak\u0131da v\u0259 regiyonda yerl\u0259\u015f\u0259n qabaqc\u0131l klinikalar\u0131n n\u00fcmay\u0259nd\u0259l\u0259ri i\u015ftirak etmi\u015f v\u0259 t\u0259dbir i\u015ftirak\u00e7\u0131lar\u0131n\u0131 salamlam\u0131\u015flar. 8-9 mayda Bak\u0131da ke\u00e7iril\u0259n Kongresin Bak\u0131 hiss\u0259sind\u0259 maraql\u0131 m\u0259ruz\u0259l\u0259r, m\u00fczakir\u0259l\u0259r v\u0259 canl\u0131 c\u0259rrahiyy\u0259 il\u0259 yana\u015f\u0131, el\u0259c\u0259 d\u0259 100-\u0259 yax\u0131n i\u015ftirak\u00e7\u0131s\u0131 \u00fc\u00e7\u00fcn treninql\u0259r t\u0259\u015fkil edilmi\u015f, canl\u0131 heyvan orqanlar\u0131 \u00fcz\u0259rind\u0259 Az\u0259rbaycandan v\u0259 xaricd\u0259n g\u0259lmi\u015f ekspert m\u00fct\u0259x\u0259ssisl\u0259rin moderatorlu\u011fu il\u0259 tibbin bir s\u0131ra sah\u0259l\u0259rind\u0259 15-\u0259 yax\u0131n treninq kurslar\u0131 t\u0259\u015fkil edilmi\u015fdir. T\u0259dbirin gedi\u015find\u0259 10-11 may hiss\u0259si \u015eamax\u0131 Rayon M\u0259rk\u0259zi X\u0259st\u0259xanas\u0131nda ba\u015f tutmu\u015fdur. 10 mayda t\u0259dbirin a\u00e7\u0131l\u0131\u015f g\u00fcn\u00fc \u015eamax\u0131 Rayon \u0130cra Hakimiyy\u0259ti ba\u015f\u00e7\u0131s\u0131 , Kongresin v\u0259 Almaz Akademinin fak\u00fclt\u0259 \u00fczvl\u0259ri, tan\u0131nm\u0131\u015f h\u0259kiml\u0259r v\u0259 klinika r\u0259hb\u0259rl\u0259rinin, T\u018fB\u0130Bin r\u0259smil\u0259rinin i\u015ftirak\u0131 il\u0259 Ulu \u00f6nd\u0259rin m\u0259zar abid\u0259si ziyar\u0259t edilmi\u015f v\u0259 abid\u0259si \u00f6n\u00fcn\u0259 \u0259kilir v\u0259 g\u00fcl d\u0259st\u0259l\u0259ri qoyulmu\u015fdur. Ondan sonra t\u0259dbirin \u015eamax\u0131 hiss\u0259sinin a\u00e7\u0131l\u0131\u015f m\u0259rasimind\u0259 \u015eamax\u0131 Rayon \u0130cra ba\u015f\u00e7\u0131s\u0131 Tahir M\u0259mm\u0259dov, \u015eamax\u0131 Rayon M\u0259rk\u0259zi x\u0259st\u0259xanas\u0131n\u0131n direktoru \u0130mran Qurbanov, c\u0259miyy\u0259tin t\u0259sis\u00e7isi v\u0259 prezidenti Prof. Qurbanxan M\u00fcsl\u00fcmov, Kongresin prezidenti PhD Dr. Zaur X\u0259lilov v\u0259 dig\u0259rl\u0259ri i\u015ftirak ed\u0259r\u0259k t\u0259dbir i\u015ftirak\u00e7\u0131lar\u0131n\u0131 salamlam\u0131\u015f v\u0259 t\u0259dbirin i\u015fin\u0259 u\u011furlar arzulam\u0131\u015flar. Ard\u0131nca is\u0259 tibbi a\u011f\u0131rla\u015fmalara v\u0259 laparoskopik v\u0259 endoskopik c\u0259rrahiyy\u0259d\u0259 a\u011f\u0131rla\u015fmalara h\u0259sr olunmu\u015f panel m\u00fczakir\u0259l\u0259ri v\u0259 video sessiyalar t\u0259\u015fkil edilmi\u015fdir. \u015eamax\u0131dan v\u0259 region x\u0259st\u0259xanalar\u0131ndan g\u0259lmi\u015f \u0130ki y\u00fcz\u0259 yax\u0131n h\u0259kim \u00fc\u00e7\u00fcn maraql\u0131 diskussiyalar t\u0259\u015fkil edilmi\u015f, el\u0259c\u0259 d\u0259 i\u015ftirak\u00e7\u0131lar\u0131n bir qismi \u00fc\u00e7\u00fcn treninql\u0259r t\u0259\u015fkil edilmi\u015fdir.<br \/>\nT\u0259dbirin i\u015find\u0259 qarda\u015f \u00d6zb\u0259kistan Respublikas\u0131ndan 40-a yax\u0131n i\u015ftirak\u00e7\u0131 i\u015ftirak etmi\u015f v\u0259 \u00f6z az\u0259rbaycanl\u0131 h\u0259mkarlar\u0131 il\u0259 b\u0259rab\u0259r m\u00fczakir\u0259l\u0259rd\u0259, treninql\u0259rd\u0259 v\u0259 canl\u0131 c\u0259rrahiyy\u0259d\u0259 aktiv i\u015ftirak etmi\u015fl\u0259r. T\u0259dbirin \u015eamax\u0131 hiss\u0259sind\u0259 T\u00fcrkiy\u0259d\u0259n, \u00d6zb\u0259kistandan v\u0259 Az\u0259rbaycandan olan bir ne\u00e7\u0259 universitet v\u0259 \u00f6yr\u0259dici klinika r\u0259hb\u0259rl\u0259rinin i\u015ftirak\u0131 il\u0259 Az\u0259rbaycan, \u00d6zb\u0259kistan v\u0259 T\u00fcrkiy\u0259d\u0259ki \u00f6yr\u0259dici m\u00fc\u0259ssis\u0259l\u0259r aras\u0131nda \u0259m\u0259kda\u015fl\u0131q, Avropa \u00f6lk\u0259l\u0259rinin bu i\u015f\u0259 c\u0259lb edilm\u0259si m\u0259s\u0259l\u0259l\u0259ri m\u00fczakir\u0259 edilmi\u015f v\u0259 bu bar\u0259d\u0259 sonda bir raz\u0131la\u015fma memorandumu\u00a0imzaland\u0131<\/p>\n","protected":false},"excerpt":{"rendered":"<p>8-11. 05. 2025-ci il tarixl\u0259rind\u0259 Bak\u0131 v\u0259 \u015eamax\u0131 \u015f\u0259h\u0259rl\u0259rind\u0259 Az\u0259rbaycan Minimal invaziv C\u0259rrahlar C\u0259miyy\u0259ti, Az\u0259rbaycan-Almaniya Tibbi-\u018fm\u0259kda\u015fl\u0131q C\u0259miyy\u0259ti v\u0259 Almaz Akademi Tibbi-Treninq M\u0259rk\u0259zinin t\u0259\u015fkilat\u00e7\u0131l\u0131\u011f\u0131 il\u0259 Ulu \u00d6nd\u0259r Heyd\u0259r \u018fliyevin anadan olmas\u0131n\u0131n 102-ci il d\u00f6n\u00fcm\u00fcn\u0259 h\u0259sr olunmu\u015f t\u0259dbir ba\u015f tutmu\u015fdur. T\u0259dbird\u0259 Az\u0259rbaycandan 400-\u0259 yax\u0131n, xarici \u00f6lk\u0259l\u0259rd\u0259n is\u0259 50 n\u0259f\u0259r i\u015ftirak\u00e7\u0131 i\u015ftirak etmi\u015fdir. T\u0259dbirin gedi\u015find\u0259 minimal laparoskopik v\u0259 [&hellip;]<\/p>\n","protected":false},"author":3,"featured_media":0,"parent":0,"menu_order":0,"comment_status":"closed","ping_status":"closed","template":"","meta":{"ngg_post_thumbnail":0,"footnotes":""},"_links":{"self":[{"href":"https:\/\/amicc.az\/index.php?rest_route=\/wp\/v2\/pages\/3996"}],"collection":[{"href":"https:\/\/amicc.az\/index.php?rest_route=\/wp\/v2\/pages"}],"about":[{"href":"https:\/\/amicc.az\/index.php?rest_route=\/wp\/v2\/types\/page"}],"author":[{"embeddable":true,"href":"https:\/\/amicc.az\/index.php?rest_route=\/wp\/v2\/users\/3"}],"replies":[{"embeddable":true,"href":"https:\/\/amicc.az\/index.php?rest_route=%2Fwp%2Fv2%2Fcomments&post=3996"}],"version-history":[{"count":1,"href":"https:\/\/amicc.az\/index.php?rest_route=\/wp\/v2\/pages\/3996\/revisions"}],"predecessor-version":[{"id":3999,"href":"https:\/\/amicc.az\/index.php?rest_route=\/wp\/v2\/pages\/3996\/revisions\/3999"}],"wp:attachment":[{"href":"https:\/\/amicc.az\/index.php?rest_route=%2Fwp%2Fv2%2Fmedia&parent=3996"}],"curies":[{"name":"wp","href":"https:\/\/api.w.org\/{rel}","templated":true}]}}