{"id":359,"date":"2021-01-23T07:06:42","date_gmt":"2021-01-23T07:06:42","guid":{"rendered":"http:\/\/amicc.az\/?page_id=359"},"modified":"2021-01-23T07:06:42","modified_gmt":"2021-01-23T07:06:42","slug":"%c9%99laq%c9%99-2","status":"publish","type":"page","link":"https:\/\/amicc.az\/?page_id=359","title":{"rendered":"\u018flaq\u0259"},"content":{"rendered":"\n<p>\u00dcnvan: H\u0259s\u0259nb\u0259y Z\u0259rdabi k\u00fc\u00e7. ev 77a , AZ1100, Bak\u0131, Az\u0259rbaycan (x\u0259rit\u0259d\u0259 bax)<\/p>\n\n\n\n<p>Tel : &nbsp; &nbsp;(+99412) 533-06-34<\/p>\n\n\n\n<p>Mob : &nbsp;(+99470) 733-06-34<\/p>\n\n\n\n<p>&nbsp; &nbsp; &nbsp; &nbsp; &nbsp; &nbsp;(+99470) 551-49-21<\/p>\n\n\n\n<p>Faks: (+99412) 533-06-34<\/p>\n\n\n\n<p>E-mail: &nbsp;info@gamca.az<\/p>\n\n\n\n<p>&nbsp; &nbsp; &nbsp; &nbsp; &nbsp; &nbsp; &nbsp;asclub2011@gamca.az &nbsp;<\/p>\n\n\n\n<p>&nbsp; &nbsp; &nbsp; &nbsp; &nbsp; &nbsp; &nbsp;gunay.aliyeva@gamca.az<\/p>\n\n\n\n<p>Web: www.gamca.az<\/p>\n","protected":false},"excerpt":{"rendered":"<p>\u00dcnvan: H\u0259s\u0259nb\u0259y Z\u0259rdabi k\u00fc\u00e7. ev 77a , AZ1100, Bak\u0131, Az\u0259rbaycan (x\u0259rit\u0259d\u0259 bax) Tel : &nbsp; &nbsp;(+99412) 533-06-34 Mob : &nbsp;(+99470) 733-06-34 &nbsp; &nbsp; &nbsp; &nbsp; &nbsp; &nbsp;(+99470) 551-49-21 Faks: (+99412) 533-06-34 E-mail: &nbsp;info@gamca.az &nbsp; &nbsp; &nbsp; &nbsp; &nbsp; &nbsp; &nbsp;asclub2011@gamca.az &nbsp; &nbsp; &nbsp; &nbsp; &nbsp; &nbsp; &nbsp; &nbsp;gunay.aliyeva@gamca.az Web: www.gamca.az<\/p>\n","protected":false},"author":2,"featured_media":0,"parent":0,"menu_order":0,"comment_status":"closed","ping_status":"closed","template":"","meta":{"ngg_post_thumbnail":0,"footnotes":""},"_links":{"self":[{"href":"https:\/\/amicc.az\/index.php?rest_route=\/wp\/v2\/pages\/359"}],"collection":[{"href":"https:\/\/amicc.az\/index.php?rest_route=\/wp\/v2\/pages"}],"about":[{"href":"https:\/\/amicc.az\/index.php?rest_route=\/wp\/v2\/types\/page"}],"author":[{"embeddable":true,"href":"https:\/\/amicc.az\/index.php?rest_route=\/wp\/v2\/users\/2"}],"replies":[{"embeddable":true,"href":"https:\/\/amicc.az\/index.php?rest_route=%2Fwp%2Fv2%2Fcomments&post=359"}],"version-history":[{"count":1,"href":"https:\/\/amicc.az\/index.php?rest_route=\/wp\/v2\/pages\/359\/revisions"}],"predecessor-version":[{"id":361,"href":"https:\/\/amicc.az\/index.php?rest_route=\/wp\/v2\/pages\/359\/revisions\/361"}],"wp:attachment":[{"href":"https:\/\/amicc.az\/index.php?rest_route=%2Fwp%2Fv2%2Fmedia&parent=359"}],"curies":[{"name":"wp","href":"https:\/\/api.w.org\/{rel}","templated":true}]}}