{"id":1807,"date":"2024-06-10T06:16:33","date_gmt":"2024-06-10T06:16:33","guid":{"rendered":"https:\/\/amicc.az\/?page_id=1807"},"modified":"2024-06-10T06:16:33","modified_gmt":"2024-06-10T06:16:33","slug":"azerbaycan-minimal-invaziv-cerrahlar-cemiyyetinin-seki-konfransi","status":"publish","type":"page","link":"https:\/\/amicc.az\/?page_id=1807","title":{"rendered":"AZ\u018fRBAYCAN M\u0130N\u0130MAL \u0130NVAZ\u0130V C\u018fRRAHLAR C\u018fM\u0130YY\u018fT\u0130N\u0130N \u015e\u018fK\u0130 KONFRANSI"},"content":{"rendered":"<p>Az\u0259rbaycan Minimal \u0130nvaziv C\u0259rrahlar C\u0259miyy\u0259ti &#8211; AM\u0130CC t\u0259r\u0259find\u0259n<br \/>\n\u015e\u0259ki Rayon M\u0259rk\u0259zi X\u0259st\u0259xanas\u0131 v\u0259 \u015e\u0259ki Heyd\u0259r \u018fliyev M\u0259rk\u0259zind\u0259 \u201c Minimal \u0130nvaziv C\u0259rrahiyy\u0259 Bu g\u00fcn adll \u015e\u0259ki konfrans\u0131nda T\u018fB\u0130B-in \u0130cra\u00e7\u0131 direktorunun m\u00fcavini Araz N\u0259sirov, Tibbi t\u0259hsil v\u0259 innovasiyalar departamentinin r\u0259hb\u0259ri Teymur Mirz\u0259b\u0259yli, Az\u0259rbaycan Minimal \u0130nvaziv C\u0259rrahlar C\u0259miyy\u0259tinin  prezidenti, professor Qurbanxan M\u00fcsl\u00fcmov, \u015e\u0259ki v\u0259 \u0259traf rayonlardan 150-y\u0259 yax\u0131n c\u0259rrah, h\u0259kim v\u0259 tibb bac\u0131lar\u0131 i\u015ftirak edib.<br \/>\nT\u0259dbird\u0259 \u00e7\u0131x\u0131\u015f ed\u0259nl\u0259r s\u0259hiyy\u0259 sah\u0259sind\u0259ki haz\u0131rk\u0131 durumdan dan\u0131\u015f\u0131b, yenilikl\u0259rin t\u0259tbiqind\u0259n s\u00f6z a\u00e7\u0131blar. Onlar bel\u0259 konfranslar\u0131n ke\u00e7irilm\u0259sinin regiondak\u0131 m\u00fct\u0259x\u0259ssisl\u0259rin d\u00fcnyadak\u0131 yeni c\u0259rrahi tendensiyalarla tan\u0131\u015fl\u0131\u011f\u0131, yerind\u0259 t\u0259hsil v\u0259 \u00f6z\u00fcn\u00fc inki\u015faf \u00fc\u00e7\u00fcn m\u00fch\u00fcm rol oynad\u0131\u011f\u0131n\u0131 vur\u011fulay\u0131blar. T\u0259dbird\u0259 laparoskopik  c\u0259rrahiyy\u0259, ginekologiya, urologiya v\u0259 bariatrik c\u0259rrahiyy\u0259nin son nailiyy\u0259tl\u0259rin\u0259 h\u0259sr olunan maraql\u0131 m\u0259ruz\u0259l\u0259r dinl\u0259nilib, diskussiyalar t\u0259\u015fkil olunub.<br \/>\nKonfransdan sonra Minimal invaziv c\u0259rrahiyy\u0259nin \u0259n son nailiyy\u0259tl\u0259rind\u0259n hesab olunan endoskopik tiroidektomiyan\u0131n (izsiz, k\u0259siksiz zob \u0259m\u0259liyyat\u0131) v\u0259 dig\u0259r \u0259m\u0259liyyatlar\u0131n canl\u0131 olaraq konfrans zal\u0131na translyasiya edilm\u0259si d\u0259 maraqla qar\u015f\u0131lan\u0131b.<br \/>\nQeyd ed\u0259k ki, t\u0259dbir \u201cZoom\u201d platformas\u0131 \u00fcz\u0259rind\u0259n canl\u0131 olaraq \u00d6zb\u0259kistan\u0131n Namangan D\u00f6vl\u0259t Universitetinin tibb fak\u00fclt\u0259sinin m\u00fc\u0259llim v\u0259 t\u0259l\u0259b\u0259 hey\u0259ti \u00fc\u00e7\u00fcn d\u0259 canl\u0131 yay\u0131mlan\u0131b.<\/p>\n","protected":false},"excerpt":{"rendered":"<p>Az\u0259rbaycan Minimal \u0130nvaziv C\u0259rrahlar C\u0259miyy\u0259ti &#8211; AM\u0130CC t\u0259r\u0259find\u0259n \u015e\u0259ki Rayon M\u0259rk\u0259zi X\u0259st\u0259xanas\u0131 v\u0259 \u015e\u0259ki Heyd\u0259r \u018fliyev M\u0259rk\u0259zind\u0259 \u201c Minimal \u0130nvaziv C\u0259rrahiyy\u0259 Bu g\u00fcn adll \u015e\u0259ki konfrans\u0131nda T\u018fB\u0130B-in \u0130cra\u00e7\u0131 direktorunun m\u00fcavini Araz N\u0259sirov, Tibbi t\u0259hsil v\u0259 innovasiyalar departamentinin r\u0259hb\u0259ri Teymur Mirz\u0259b\u0259yli, Az\u0259rbaycan Minimal \u0130nvaziv C\u0259rrahlar C\u0259miyy\u0259tinin prezidenti, professor Qurbanxan M\u00fcsl\u00fcmov, \u015e\u0259ki v\u0259 \u0259traf rayonlardan 150-y\u0259 yax\u0131n [&hellip;]<\/p>\n","protected":false},"author":3,"featured_media":0,"parent":0,"menu_order":0,"comment_status":"closed","ping_status":"closed","template":"","meta":{"ngg_post_thumbnail":0,"footnotes":""},"_links":{"self":[{"href":"https:\/\/amicc.az\/index.php?rest_route=\/wp\/v2\/pages\/1807"}],"collection":[{"href":"https:\/\/amicc.az\/index.php?rest_route=\/wp\/v2\/pages"}],"about":[{"href":"https:\/\/amicc.az\/index.php?rest_route=\/wp\/v2\/types\/page"}],"author":[{"embeddable":true,"href":"https:\/\/amicc.az\/index.php?rest_route=\/wp\/v2\/users\/3"}],"replies":[{"embeddable":true,"href":"https:\/\/amicc.az\/index.php?rest_route=%2Fwp%2Fv2%2Fcomments&post=1807"}],"version-history":[{"count":1,"href":"https:\/\/amicc.az\/index.php?rest_route=\/wp\/v2\/pages\/1807\/revisions"}],"predecessor-version":[{"id":1821,"href":"https:\/\/amicc.az\/index.php?rest_route=\/wp\/v2\/pages\/1807\/revisions\/1821"}],"wp:attachment":[{"href":"https:\/\/amicc.az\/index.php?rest_route=%2Fwp%2Fv2%2Fmedia&parent=1807"}],"curies":[{"name":"wp","href":"https:\/\/api.w.org\/{rel}","templated":true}]}}